t are the prime factors of 1245033?
3, 138337
List the prime factors of 286080.
2, 3, 5, 149
What are the prime factors of 3757979?
37, 47, 2161
List the prime factors of 1668679.
1668679
List the prime factors of 21448235.
5, 4289647
What are the prime factors of 753471?
3, 83719
List the prime factors of 10510636.
2, 1459, 1801
List the prime factors of 1147835.
5, 13, 17659
List the prime factors of 1002806.
2, 7, 83, 863
List the prime factors of 13832802.
2, 3, 256163
What are the prime factors of 2788895?
5, 557779
What are the prime factors of 5062161?
3, 13, 293, 443
What are the prime factors of 6987?
3, 17, 137
What are the prime factors of 27880?
2, 5, 17, 41
List the prime factors of 605199.
3, 7, 23, 179
List the prime factors of 91845.
3, 5, 13, 157
What are the prime factors of 390071?
11, 35461
List the prime factors of 2901273.
3, 53, 71, 257
List the prime factors of 19840319.
19840319
What are the prime factors of 635371?
11, 59, 89
What are the prime factors of 605417?
71, 8527
List the prime factors of 353999.
79, 4481
What are the prime factors of 64045?
5, 12809
List the prime factors of 1090778.
2, 13, 41953
What are the prime factors of 1280236?
2, 17, 67, 281
What are the prime factors of 807473?
807473
What are the prime factors of 2310144?
2, 3, 47
List the prime factors of 654692.
2, 163673
What are the prime factors of 19351343?
11, 1759213
List the prime factors of 1885918.
2, 41, 109, 211
List the prime factors of 92229.
3, 71, 433
What are the prime factors of 7447745?
5, 23, 64763
What are the prime factors of 2679154?
2, 1339577
What are the prime factors of 952944?
2, 3, 19853
List the prime factors of 1420586.
2, 710293
List the prime factors of 22076739.
3, 661, 1237
What are the prime factors of 3326638?
2, 7, 127, 1871
List the prime factors of 6694422.
2, 3, 7, 19, 8389
What are the prime factors of 618374?
2, 19, 16273
What are the prime factors of 248105?
5, 11, 13, 347
What are the prime factors of 580875?
3, 5, 1549
What are the prime factors of 201436?
2, 50359
What are the prime factors of 16257944?
2, 397, 5119
What are the prime factors of 948147?
3, 317, 997
List the prime factors of 1414080.
2, 3, 5, 491
List the prime factors of 1816558.
2, 223, 4073
List the prime factors of 8166292.
2, 173, 11801
What are the prime factors of 1583768?
2, 197971
List the prime factors of 21591229.
11, 1962839
List the prime factors of 2675160.
2, 3, 5, 2477
What are the prime factors of 184157?
184157
What are the prime factors of 5355610?
2, 5, 13, 3169
What are the prime factors of 1970319?
3, 13, 19, 2659
List the prime factors of 2505886.
2, 1252943
What are the prime factors of 83512?
2, 11, 13, 73
What are the prime factors of 739842?
2, 3, 123307
List the prime factors of 292697.
29, 10093
What are the prime factors of 1387300?
2, 5, 13873
List the prime factors of 2801223.
3, 34583
List the prime factors of 981515.
5, 196303
What are the prime factors of 1199698?
2, 19, 131, 241
List the prime factors of 1484905.
5, 296981
List the prime factors of 3423566.
2, 29, 67, 881
List the prime factors of 693912.
2, 3, 29, 997
List the prime factors of 873257.
7, 11, 1031
What are the prime factors of 10085?
5, 2017
What are the prime factors of 780149?
43, 18143
What are the prime factors of 14310770?
2, 5, 17, 84181
List the prime factors of 140346.
2, 3, 23, 113
What are the prime factors of 15832719?
3, 7, 19, 4409
List the prime factors of 1840296.
2, 3, 76679
What are the prime factors of 1611168?
2, 3, 13, 1291
What are the prime factors of 1191855?
3, 5, 7, 11351
List the prime factors of 174624.
2, 3, 17, 107
List the prime factors of 196652.
2, 211, 233
What are the prime factors of 29557951?
17, 1738703
What are the prime factors of 393126?
2, 3, 65521
What are the prime factors of 2413805?
5, 43, 103, 109
List the prime factors of 444793.
444793
List the prime factors of 3310275.
3, 5, 19, 23, 101
List the prime factors of 102179.
7, 11, 1327
List the prime factors of 4184084.
2, 389, 2689
What are the prime factors of 190187?
23, 8269
What are the prime factors of 912108?
2, 3, 29, 2621
What are the prime factors of 2915532?
2, 3, 109, 743
What are the prime factors of 2489828?
2, 11, 71, 797
What are the prime factors of 597880?
2, 5, 14947
What are the prime factors of 218547?
3, 7, 3469
List the prime factors of 8557910.
2, 5, 53, 67, 241
What are the prime factors of 406816?
2, 12713
What are the prime factors of 183288?
2, 3, 7, 1091
List the prime factors of 10422196.
2, 383, 6803
What are the prime factors of 589212?
2, 3, 13, 1259
List the prime factors of 14030817.
3, 31, 150869
What are the prime factors of 1120958?
2, 560479
What are the prime factors of 5915065?
5, 13, 17, 53, 101
What are the prime factors of 246813?
3, 7, 23, 73
What are the prime factors of 18051739?
17, 1061867
List the prime factors of 192362.
2, 96181
What are the prime factors of 284193?
3, 7, 13, 347
What are the prime factors of 524618?
2, 461, 569
List the prime factors of 4044615.
3, 5, 269641
List the prime factors of 4154731.
7, 83, 7151
What are the prime factors of 631732?
2, 157933
What are the prime factors of 701687?
7, 59, 1699
List the prime factors of 3018797.
1091, 2767
What are the prime factors of 1445560?
2, 5, 71, 509
What are the prime factors of 3965166?
2, 3, 97, 757
What are the prime factors of 424619?
13, 89, 367
List the prime factors of 647538.
2, 3, 107923
What are the prime factors of 69572?
2, 17393
List the prime factors of 5551880.
2, 5, 138797
What are the prime factors of 212736?
2, 3, 277
What are the prime factors of 21021929?
127, 165527
List the prime factors of 24586185.
3, 5, 13, 59, 2137
What are the prime factors of 36173943?
3, 13, 17, 1399
What are the prime factors of 5048205?
3, 5, 19, 17713
What are the prime factors of 32991?
3, 7, 1571
What are the prime factors of 3781103?
47, 80449
List the prime factors of 1961758.
2, 419, 2341
List the prime factors of 14294592.
2, 3, 13, 23, 83
What are the prime factors of 7426384?
2, 7, 61, 1087
What are the prime factors of 1069843?
439, 2437
What are the prime factors of 131830?
2, 5, 13183
What are the prime factors of 5675196?
2, 3, 61, 7753
What are the prime factors of 85408?
2, 17, 157
What are the prime factors of 616175?
5, 7, 503
List the prime factors of 176673.
3, 7, 47, 179
What are the prime factors of 1131053?
7, 11, 37, 397
List the prime factors of 2041350.
2, 3, 5, 31, 439
List the prime factors of 2637860.
2, 5, 131893
What are the prime factors of 2414253?
3, 804751
What are the prime factors of 485687?
463, 1049
What are the prime factors of 419846?
2, 7, 29989
List the prime factors of 1114899.
3, 371633
What are the prime factors of 5267686?
2, 2633843
List the prime factors of 2813.
29, 97
What are the prime factors of 245430?
2, 3, 5, 101
List the prime factors of 7019887.
7, 143263
What are the prime factors of 73446?
2, 3, 12241
What are the prime factors of 214564?
2, 7, 79, 97
What are the prime factors of 7078852?
2, 11, 160883
List the prime factors of 8270349.
3, 2756783
List the prime factors of 40619748.
2, 3, 13, 23, 11321
What are the prime factors of 263317?
59, 4463
What are the prime factors of 361591?
229, 1579
List the prime factors of 17236565.
5, 3447313
List the prime factors of 961100.
2, 5, 7, 1373
What are the prime factors of 974287?
17, 223, 257
List the prime factors of 448442.
2, 224221
What are the prime factors of 536714?
2, 101, 2657
List the prime factors of 20885772.
2, 3, 1740481
What are the prime factors of 38180?
2, 5, 23, 83
List the prime factors of 337893.
3, 23, 59, 83
What are the prime factors of 293758?
2, 191, 769
What are the prime factors of 10320310?
2, 5, 7, 11, 13, 1031
What are the prime factors of 167239?
41, 4079
List the prime factors of 241210.
2, 5, 24121
What are the prime factors of 357715?
5, 29, 2467
What are the prime factors of 26507?
13, 2039
What are the prime factors of 6334270?
2, 5, 633427
What are the prime factors of 1722962?
2, 197, 4373
List the prime factors of 4672216.
2, 584027
List the prime factors of 3241844.
2, 79, 10259
List the prime factors of 5880098.
2, 7, 29, 2069
List the prime factors of 1810209.
3, 29, 20807
